 218339 and 506?
253
What is the highest common factor of 76 and 34219?
19
Calculate the greatest common factor of 2375 and 103250.
125
What is the greatest common divisor of 355 and 95211?
71
What is the greatest common factor of 2709 and 510552?
63
Calculate the greatest common factor of 3510 and 99606.
78
What is the greatest common factor of 88 and 97288?
8
What is the highest common factor of 19072 and 1536?
128
What is the highest common divisor of 3611 and 6751?
157
Calculate the highest common factor of 1212 and 2488.
4
What is the highest common divisor of 48 and 1133544?
24
Calculate the highest common factor of 5095 and 742851.
1019
What is the greatest common factor of 476258 and 53?
53
What is the greatest common factor of 13995 and 10?
5
What is the highest common divisor of 18303 and 3?
3
Calculate the highest common factor of 936 and 51183.
9
What is the highest common factor of 912 and 206055?
57
Calculate the highest common factor of 81 and 33597.
9
What is the greatest common factor of 29256 and 72?
24
Calculate the highest common factor of 42408 and 96.
24
Calculate the highest common divisor of 10212 and 1704.
12
What is the greatest common divisor of 1242472 and 14?
14
What is the greatest common divisor of 222 and 2408811?
111
What is the greatest common factor of 77750 and 375?
125
What is the highest common divisor of 14542 and 2464?
22
Calculate the greatest common factor of 174270 and 3552.
222
What is the highest common divisor of 34 and 163285?
17
Calculate the greatest common divisor of 1120014 and 27.
27
What is the highest common factor of 1344930 and 160?
10
Calculate the highest common factor of 40280 and 9272.
152
Calculate the greatest common factor of 727 and 4.
1
Calculate the highest common divisor of 9212 and 9964.
188
Calculate the highest common factor of 518 and 5254.
74
What is the greatest common divisor of 6 and 64374?
6
What is the highest common divisor of 30 and 2640090?
30
Calculate the greatest common divisor of 34760 and 3080.
440
Calculate the highest common divisor of 64476 and 972.
324
What is the highest common divisor of 5058 and 297860?
562
What is the highest common factor of 2720 and 130730?
170
What is the highest common divisor of 23484 and 1212?
12
Calculate the greatest common factor of 460 and 32180.
20
Calculate the greatest common factor of 388 and 1056.
4
Calculate the highest common divisor of 396100 and 2796.
932
What is the highest common divisor of 39390 and 971115?
1515
What is the highest common divisor of 98702 and 102?
34
Calculate the greatest common factor of 52334 and 274.
274
What is the highest common factor of 5461 and 66929?
127
What is the greatest common factor of 3039 and 2734087?
1013
Calculate the highest common divisor of 47808 and 1162.
166
What is the highest common divisor of 67 and 157919?
67
What is the highest common factor of 104442 and 33372?
618
Calculate the highest common factor of 48 and 5624244.
12
Calculate the greatest common divisor of 3182 and 1161.
43
Calculate the greatest common factor of 736 and 2497156.
92
Calculate the highest common divisor of 781 and 2596.
11
What is the highest common divisor of 492 and 323982?
246
Calculate the greatest common divisor of 195 and 46410.
195
Calculate the highest common divisor of 23 and 785.
1
What is the highest common factor of 17031 and 2051?
7
What is the greatest common factor of 658 and 20748?
14
What is the highest common factor of 66160 and 280?
40
What is the highest common factor of 2375 and 27455?
95
What is the highest common factor of 10480 and 55?
5
What is the highest common factor of 1955 and 5780?
85
Calculate the highest common divisor of 301 and 78690.
43
What is the highest common factor of 279 and 276117?
93
What is the highest common divisor of 885 and 62265?
15
Calculate the greatest common divisor of 19600 and 304.
16
Calculate the highest common factor of 219597 and 63.
21
Calculate the highest common factor of 192172 and 856.
428
Calculate the highest common divisor of 1314 and 46282.
146
Calculate the greatest common divisor of 2 and 18577.
1
What is the highest common divisor of 3424321 and 107?
107
What is the highest common factor of 19 and 18259?
19
Calculate the greatest common divisor of 5464 and 616066.
1366
What is the greatest common divisor of 58632 and 16?
8
Calculate the greatest common factor of 656 and 26978.
82
Calculate the greatest common divisor of 444 and 13318.
2
What is the highest common divisor of 13216 and 376?
8
Calculate the highest common factor of 674386 and 114.
38
Calculate the highest common factor of 51820 and 160.
20
What is the greatest common divisor of 15 and 852405?
15
Calculate the greatest common divisor of 322 and 250999.
161
What is the highest common divisor of 5283 and 369?
9
What is the highest common divisor of 20328 and 8?
8
Calculate the highest common factor of 28854 and 72.
18
Calculate the greatest common divisor of 847 and 13915.
121
What is the highest common factor of 430195 and 970?
485
What is the greatest common factor of 187516 and 148?
148
What is the greatest common factor of 127 and 16256?
127
What is the greatest common factor of 532312 and 184?
184
What is the greatest common divisor of 1349923 and 71?
71
What is the highest common divisor of 14400 and 920?
40
Calculate the highest common factor of 2238 and 114.
6
Calculate the greatest common divisor of 254786 and 14.
14
What is the highest common factor of 1885 and 575795?
145
Calculate the greatest common divisor of 11583 and 272727.
1053
Calculate the highest common divisor of 28 and 2463244.
28
Calculate the highest common divisor of 424 and 1849.
1
Calculate the greatest common factor of 15 and 181055.
5
What is the greatest common divisor of 50445 and 29736?
531
What is the greatest common factor of 144 and 62912?
16
Calculate the greatest common factor of 227647 and 51.
17
Calculate the highest common factor of 5392 and 86946.
674
What is the highest common divisor of 3460840 and 1240?
1240
What is the greatest common factor of 16991 and 533?
13
What is the greatest common divisor of 2140 and 1030?
10
Calculate the highest common factor of 17 and 1977559.
17
What is the highest common factor of 2 and 1447?
1
What is the highest common factor of 17160 and 1755?
195
What is the greatest common factor of 35022 and 39?
39
Calculate the highest common divisor of 6612 and 118842.
174
Calculate the highest common divisor of 26019 and 4248.
531
What is the highest common factor of 40 and 761080?
40
Calculate the greatest common factor of 138 and 11036205.
69
Calculate the highest common divisor of 3705 and 42465.
285
Calculate the highest common factor of 660610 and 310.
310
Calculate the greatest common factor of 66265 and 2291.
29
What is the highest common factor of 15748 and 6096?
508
Calculate the highest common factor of 792 and 10791.
99
Calculate the highest common factor of 170312 and 183.
61
Calculate the highest common factor of 51543 and 189.
27
Calculate the highest common divisor of 6204 and 3036.
132
What is the greatest common factor of 25 and 5890?
5
Calculate the highest common factor of 100 and 1004.
4
What is the highest common divisor of 159253 and 3?
1
Calculate the greatest common factor of 759 and 594987.
69
Calculate the greatest common divisor of 154856 and 8.
8
What is the greatest common factor of 3822 and 14898?
78
What is the greatest common divisor of 356630 and 38?
38
Calculate the greatest common divisor of 2182896 and 1467.
1467
Calculate the greatest common divisor of 272 and 728960.
272
What is the greatest common divisor of 16091273 and 869?
869
Calculate the greatest common divisor of 10585 and 4745.
365
Calculate the highest common divisor of 1027590 and 150.
30
Calculate the greatest common factor of 5824 and 38818.
26
Calculate the greatest common factor of 732 and 1860.
12
What is the greatest common factor of 319828 and 148?
148
Calculate the greatest common divisor of 8598996 and 126.
126
Calculate the greatest common factor of 1439495 and 670.
335
What is the highest common factor of 7871 and 425?
17
Calculate the greatest common factor of 444484 and 8.
4
Calculate the highest common factor of 143 and 114803.
1